{"id":98,"date":"2012-02-02T13:17:46","date_gmt":"2012-02-02T13:17:46","guid":{"rendered":"http:\/\/wp.goldschmiedeinnung-stuttgart.de\/?page_id=98"},"modified":"2012-02-03T06:28:11","modified_gmt":"2012-02-03T06:28:11","slug":"berufsbild","status":"publish","type":"page","link":"http:\/\/www.goldschmiedeinnung-stuttgart.de\/?page_id=98","title":{"rendered":"Berufsbild"},"content":{"rendered":"<p>Goldschmiede\/-innen stellen Schmuck, Ketten, B\u00e4nder und Geflechte aus Edelmetall und Edelsteinen her, reparieren und \u00e4ndern diese.<br \/>\nHierzu erstellen sie Zeichenentw\u00fcrfe, nach denen das Material verarbeitet werden soll, richten das Material auf die richtigen Ma\u00dfe zu, verarbeiten das Edelmetall durch Schmelzen, Gie\u00dfen, Treiben, Bohren und L\u00f6ten, bearbeiten die Oberfl\u00e4chen z.B. durch Gravieren, Ziselieren, Emaillieren und Galvanisieren und fertigen Zargen und Fassungen.<\/p>\n<p>Bet\u00e4tigungsm\u00f6glichkeiten bieten sich in Goldschmiedewerkst\u00e4tten des Handwerks oder auch in Betrieben, die eine industrielle Fertigung von Schmuck in gr\u00f6\u00dferen oder kleineren Serien vornehmen.<\/p>\n","protected":false},"excerpt":{"rendered":"<p>Goldschmiede\/-innen stellen Schmuck, Ketten, B\u00e4nder und Geflechte aus Edelmetall und Edelsteinen her, reparieren und \u00e4ndern diese. Hierzu erstellen sie Zeichenentw\u00fcrfe, nach denen das Material verarbeitet werden soll, richten das Material auf die richtigen Ma\u00dfe zu, verarbeiten das Edelmetall durch Schmelzen, Gie\u00dfen, Treiben, Bohren und L\u00f6ten, bearbeiten die Oberfl\u00e4chen z.B. durch Gravieren, Ziselieren, Emaillieren und Galvanisieren [&hellip;]<\/p>\n","protected":false},"author":1,"featured_media":0,"parent":112,"menu_order":0,"comment_status":"open","ping_status":"open","template":"","meta":{"ngg_post_thumbnail":0,"footnotes":""},"class_list":["post-98","page","type-page","status-publish","hentry"],"_links":{"self":[{"href":"http:\/\/www.goldschmiedeinnung-stuttgart.de\/index.php?rest_route=\/wp\/v2\/pages\/98"}],"collection":[{"href":"http:\/\/www.goldschmiedeinnung-stuttgart.de\/index.php?rest_route=\/wp\/v2\/pages"}],"about":[{"href":"http:\/\/www.goldschmiedeinnung-stuttgart.de\/index.php?rest_route=\/wp\/v2\/types\/page"}],"author":[{"embeddable":true,"href":"http:\/\/www.goldschmiedeinnung-stuttgart.de\/index.php?rest_route=\/wp\/v2\/users\/1"}],"replies":[{"embeddable":true,"href":"http:\/\/www.goldschmiedeinnung-stuttgart.de\/index.php?rest_route=%2Fwp%2Fv2%2Fcomments&post=98"}],"version-history":[{"count":6,"href":"http:\/\/www.goldschmiedeinnung-stuttgart.de\/index.php?rest_route=\/wp\/v2\/pages\/98\/revisions"}],"predecessor-version":[{"id":103,"href":"http:\/\/www.goldschmiedeinnung-stuttgart.de\/index.php?rest_route=\/wp\/v2\/pages\/98\/revisions\/103"}],"up":[{"embeddable":true,"href":"http:\/\/www.goldschmiedeinnung-stuttgart.de\/index.php?rest_route=\/wp\/v2\/pages\/112"}],"wp:attachment":[{"href":"http:\/\/www.goldschmiedeinnung-stuttgart.de\/index.php?rest_route=%2Fwp%2Fv2%2Fmedia&parent=98"}],"curies":[{"name":"wp","href":"https:\/\/api.w.org\/{rel}","templated":true}]}}