{"id":85,"date":"2012-02-01T14:16:23","date_gmt":"2012-02-01T14:16:23","guid":{"rendered":"http:\/\/wp.goldschmiedeinnung-stuttgart.de\/?page_id=85"},"modified":"2012-10-25T09:30:19","modified_gmt":"2012-10-25T07:30:19","slug":"links","status":"publish","type":"page","link":"http:\/\/www.goldschmiedeinnung-stuttgart.de\/?page_id=85","title":{"rendered":"Links"},"content":{"rendered":"<p><strong>Zentralverband der Deutschen Goldschmiede, Silberschmiede und Juweliere e.V.<\/strong><br \/>\n<a href=\"http:\/\/www.zentralverband-goldschmiede.de\/\" target=\"_blank\">www.zentralverband-goldschmiede.de<\/a><\/p>\n<p><strong>Kreishandwerkerschaft Stuttgart<\/strong><br \/>\n<a href=\"http:\/\/www.kh-stuttgart.de\" target=\"_blank\">www.kh-stuttgart.de<\/a><\/p>\n<p><strong>Handwerkskammer Region Stuttgart<\/strong><br \/>\n<a href=\"http:\/\/www.hwk-stuttgart.de\" target=\"_blank\">www.hwk-stuttgart.de<\/a><\/p>\n<p><strong>Handwerkskammer Heilbronn-Franken<\/strong><br \/>\n<a href=\"http:\/\/www.hwk-heilbronn.de\" target=\"_blank\">www.hwk-heilbronn.de<\/a><\/p>\n<p><strong>Handwerkskammer Reutlingen<\/strong><br \/>\n<a href=\"http:\/\/www.hwk-reutlingen.de\" target=\"_blank\">www.hwk-reutlingen.de<\/a><\/p>\n<p><strong>Gewerbliche Schule Schw\u00e4bisch Gm\u00fcnd<\/strong><br \/>\n<a href=\"http:\/\/www.gs-gd.de\" target=\"_blank\">www.gs-gd.de<\/a><\/p>\n<p><strong>Goldschmiedeschule Pforzheim<\/strong><br \/>\n<a href=\"http:\/\/www.goldschmiedeschule.de\" target=\"_blank\">www.goldschmiedeschule.de<\/a><\/p>\n<p><strong>FBZ Ahlen &#8211; Europ\u00e4ische Akademie der Juweliere, Gold- und Silberschmiede<\/strong><br \/>\n<a href=\"http:\/\/www.fbz-ahlen.de\" target=\"_blank\">www.fbz-ahlen.de<\/a><\/p>\n<p><strong>Fingerhutmuseum in Creglingen<\/strong><br \/>\n<a href=\"http:\/\/www.fingerhutmuseum.de\" target=\"_blank\">www.fingerhutmuseum.de<\/a><\/p>\n","protected":false},"excerpt":{"rendered":"<p>Zentralverband der Deutschen Goldschmiede, Silberschmiede und Juweliere e.V. www.zentralverband-goldschmiede.de Kreishandwerkerschaft Stuttgart www.kh-stuttgart.de Handwerkskammer Region Stuttgart www.hwk-stuttgart.de Handwerkskammer Heilbronn-Franken www.hwk-heilbronn.de Handwerkskammer Reutlingen www.hwk-reutlingen.de Gewerbliche Schule Schw\u00e4bisch Gm\u00fcnd www.gs-gd.de Goldschmiedeschule Pforzheim www.goldschmiedeschule.de FBZ Ahlen &#8211; Europ\u00e4ische Akademie der Juweliere, Gold- und Silberschmiede www.fbz-ahlen.de Fingerhutmuseum in Creglingen www.fingerhutmuseum.de<\/p>\n","protected":false},"author":1,"featured_media":0,"parent":0,"menu_order":25,"comment_status":"open","ping_status":"open","template":"","meta":{"ngg_post_thumbnail":0,"footnotes":""},"class_list":["post-85","page","type-page","status-publish","hentry"],"_links":{"self":[{"href":"http:\/\/www.goldschmiedeinnung-stuttgart.de\/index.php?rest_route=\/wp\/v2\/pages\/85"}],"collection":[{"href":"http:\/\/www.goldschmiedeinnung-stuttgart.de\/index.php?rest_route=\/wp\/v2\/pages"}],"about":[{"href":"http:\/\/www.goldschmiedeinnung-stuttgart.de\/index.php?rest_route=\/wp\/v2\/types\/page"}],"author":[{"embeddable":true,"href":"http:\/\/www.goldschmiedeinnung-stuttgart.de\/index.php?rest_route=\/wp\/v2\/users\/1"}],"replies":[{"embeddable":true,"href":"http:\/\/www.goldschmiedeinnung-stuttgart.de\/index.php?rest_route=%2Fwp%2Fv2%2Fcomments&post=85"}],"version-history":[{"count":14,"href":"http:\/\/www.goldschmiedeinnung-stuttgart.de\/index.php?rest_route=\/wp\/v2\/pages\/85\/revisions"}],"predecessor-version":[{"id":124,"href":"http:\/\/www.goldschmiedeinnung-stuttgart.de\/index.php?rest_route=\/wp\/v2\/pages\/85\/revisions\/124"}],"wp:attachment":[{"href":"http:\/\/www.goldschmiedeinnung-stuttgart.de\/index.php?rest_route=%2Fwp%2Fv2%2Fmedia&parent=85"}],"curies":[{"name":"wp","href":"https:\/\/api.w.org\/{rel}","templated":true}]}}